- 100 + 362. Is d composite?
True
Suppose -4*v + 29 = 9. Let w(h) = h**3 + 12*h**2 - h - 7. Let s(l) = l**3 + 13*l**2 - l - 8. Let n(y) = v*s(y) - 6*w(y). Is n(-8) prime?
False
Let m(t) = -43*t - 3. Let c be (28/42)/((-1)/6). Is m(c) a prime number?
False
Let b = 407 + -145. Suppose 4*u + 2*d - b = 54, 0 = -3*u - d + 237. Is u a prime number?
True
Let l(o) = -53*o - 201. Is l(-8) a prime number?
True
Let s(g) = 3*g - 18. Let r be s(8). Let v(i) = i**3 + 12 + 6*i**2 - r*i + 13 - 22. Is v(-6) prime?
False
Suppose 4*k = -5*f + 12, 2*k = 3*f + 10 - 4. Suppose w + 4*w - 15 = f. Suppose 0 = -w*a - 2*a + 455. Is a a composite number?
True
Let y = -1543 - -4050. Suppose 4*k + h - y = 1761, -4*h - 3201 = -3*k. Let j = k - 760. Is j a prime number?
True
Let b(i) = 23*i**2 + 12*i + 7. Is b(6) composite?
False
Let z(r) = -1938*r - 23. Is z(-3) composite?
False
Let t(w) = w**2 + 9*w + 21. Let a be t(-6). Is a/5 - 3/(30/(-4684)) a prime number?
False
Suppose z = 2*s + 4*z - 36, 4*z + 44 = 5*s. Suppose s*l - 13*l = 0. Suppose l*h = h - 169. Is h prime?
False
Is (-2)/6 - 54208/(-66) prime?
True
Let f = -79128 - -116097. Is f a prime number?
False
Suppose 3*g + 15053 = 4*b, -9*g = -4*g + 15. Is b composite?
False
Suppose 0 = -2*o - 3*h + 3304, 1307 = o - 4*h - 356. Is o composite?
True
Suppose 3*x + w = 4*x + 7, -3*x - 29 = w. Let f be 12*(-2 + (-15)/x). Is 2/((f/143)/(-2)) prime?
False
Let n(r) = -2*r. Let s be n(-1). Let j(v) = -3 + v**s - 12*v + 7*v + 3*v**2. Is j(6) composite?
True
Let k = -6071 + 16674. Is k a composite number?
True
Let n be 353/(-13) - 2/(-13). Let x be (n/6 + 4)*-302. Is x/4 - 3/(-12) composite?
True
Let v(y) = -3*y - 8. Let q be v(7). Is (2/(-4))/(q/31958) a prime number?
False
Let x(s) = 92*s + 109. Is x(12) a composite number?
False
Is 7604*4/8 - 3 a composite number?
True
Let y be 3348/22 + 2/(-11). Let i be y/3 - (-6)/(-9). Let r = 109 - i. Is r composite?
False
Let k(o) = 4*o - 20. Let i be k(6). Suppose 3*t = i*t - 209. Is t a composite number?
True
Let q be (-996)/8*(-8)/(-12). Let r = 322 + q. Is r a composite number?
False
Let v(x) = -x**2 + 3*x + 1. Let j be v(3). Is 4*(-887)/(-4)*j a prime number?
True
Let d(n) = -809*n**3 + 6*n**2 - 2*n + 2. Let i(g) = g**3 - g**2. Let t(b) = -d(b) - 5*i(b). Is t(1) a composite number?
True
Let d = -14476 + 22265. Is d composite?
False
Let w(j) = j**3 + 15*j**2 - 3*j - 27. Let k be 200/(-14) - (138/(-42) + 3). Is w(k) a composite number?
False
Let b(h) = 93*h**2 - 65*h + 91. Is b(24) a prime number?
False
Suppose 5*t = -q + 166530, 31*t - 99935 = 28*t - 4*q. Is t a composite number?
True
Let p be (-1)/2*30/(-3). Suppose -2*f - 4915 = 2*j - p*j, f - 1 = 0. Is j prime?
False
Let r(c) = 408*c**2 + 199*c + 4. Is r(-19) composite?
True
Let b = 66881 + -47170. Is b a composite number?
True
Let c(b) = -222*b + 35. Is c(-19) prime?
True
Let f(g) be the third derivative of -326*g**4/3 + g**3/2 + 12*g**2. Is f(-1) composite?
True
Let u = 335 - -2124. Is u prime?
True
Suppose -2*m + 7*m - 55 = 0. Suppose m*g - 9908 = 905. Is g prime?
True
Let l(r) = 7*r + 8. Let i(h) = -h**2 - 16*h + 5. Let j be i(-16). Is l(j) prime?
True
Let v = -9 + -4. Let m(a) = -230*a - 27. Is m(v) a prime number?
True
Suppose -4*q + 18249 = -53*j + 52*j, 25 = -5*j. Is q composite?
False
Let i(m) = 7*m + 4. Let y be i(7). Let k = 225 - 89. Let j = k - y. Is j composite?
False
Let l = -3996 + 15575. Is l prime?
True
Let j = -5 - -8. Suppose j*r + i + 37 = -0*i, 0 = -r + 2*i - 10. Is (4431/r)/7*-4 composite?
False
Suppose 4 = -2*k + 10. Suppose -7*h + 2*h - k*f = -3914, -h + 766 = -5*f. Is h prime?
False
Suppose 0 = -2*z + 3*c - 6, z - 3*z + 5*c - 10 = 0. Let w be 2 - 1 - 14 - z. Let o = -6 - w. Is o a prime number?
True
Let s = 139 - 286. Let u = s - -286. Is u prime?
True
Let p = 90 - 90. Suppose p = -8*y + 3*y + 7015. Is y prime?
False
Let t = -127 - -126. Is (t + 0)*2 - -903 prime?
False
Is 5126 - (-1)/((-7)/(-21)) prime?
False
Let c be 122912/230 - ((-6)/10 + 1). Is 18/12*c + (-3 - -1) a composite number?
True
Suppose -3*j = 3*j - 12. Suppose -1530 = -5*k - j*t + 1647, 1272 = 2*k + 2*t. Is k prime?
False
Let p = 28 - 19. Suppose 7*a = 4*a + p. Suppose -1451 = -a*k - 4*u, 5*k + 644 = 5*u + 3109. Is k composite?
True
Suppose 10 = n + n. Suppose 5*h - 15 = -n. Suppose -4*x = 4*o - 500, 12 = -5*x + h. Is o prime?
True
Suppose 83*a = 82*a + 11586. Suppose 11*f - 53749 + a = 0. Is f a composite number?
False
Let w = 1531 - 1076. Suppose 0 = -0*u + 5*u - 2375. Suppose -3*z - 4*r = -w, -r - u = z - 4*z. Is z a composite number?
False
Suppose 4*j - 3*o - 2740 = 8694, 0 = -o - 2. Is j a prime number?
True
Let z be 1*(-3 + 4)*-2707*1. Let a be (-2 - (-155)/(-2))*20. Let t = a - z. Is t prime?
True
Let t(j) = -21*j + 16*j + 10 + 9 + 87*j. Is t(10) a composite number?
False
Let c(i) = -246*i - 1. Let x be c(4). Let v = -220 - 370. Let z = v - x. Is z prime?
False
Let f(b) = -5*b**3 - 6*b**2 - b - 1. Let j be f(-5). Suppose 2*x - 946 = -4*g, -g - 3*x + j = g. Is g prime?
False
Suppose 115118 - 45303 = 5*d. Is d a composite number?
False
Let l = 4 + 3. Suppose -5 - l = -3*s. Suppose 206 - 18 = s*p. Is p a composite number?
False
Is (1/(-5))/(60/(-1149900)) prime?
True
Suppose -3*q + 29429 = 2*h, -2*q + 19617 = -6*h + 5*h. Is q prime?
False
Suppose -120 - 96 = -4*t. Suppose t = 2*s + 14. Is (-5190)/(-4)*s/30 a prime number?
False
Let o = 816 + 1051. Is o composite?
False
Is 756162/324 + 10/(-12) a prime number?
True
Suppose 188*u - 177*u - 9185 = 0. Is u composite?
True
Let s be (-1 - 8/(-2))/3. Let u be 7*34 - (s - 2). Let n = 420 + u. Is n composite?
False
Suppose -6*c - 7766 = -10*c - 5*o, 3*o = 6. Is c a composite number?
True
Let v be 32/2*(-175)/(-10). Let h be (-12)/6*(-279)/6. Suppose 0 = a - 2*f - h, -3*a - 13 = -2*f - v. Is a a composite number?
True
Is (-5679410)/(-165) + 3/9 a prime number?
True
Let m be (6 - 1)*(4128/(-20))/(-8). Let y = m + 104. Is y prime?
True
Suppose 24699 + 1786 = 5*l. Is l composite?
False
Is 2790815/114 + 0 + (-2)/(-12) prime?
True
Suppose -2*z + 0*z = -5*t + 87343, -4*t = -2*z - 69876. Is t a prime number?
True
Suppose 5*g + 4*v - 50262 = 25355, -4*v + 45375 = 3*g. Is g a composite number?
False
Is 671935/143 + 2/13 a prime number?
False
Suppose 0 = -3*l - 5 - 52. Let o = -17 - l. Suppose 0 = 3*p - o*p - 505. Is p prime?
False
Let y = -616 - -703. Is y composite?
True
Let o(f) = 2308*f**2 - 21*f - 20. Is o(-1) composite?
False
Let p(g) = 199*g**2 - 13*g - 113. Is p(-12) a prime number?
False
Let f(x) be the second derivative of -x**5/20 - 5*x**4/12 + 5*x**3/6 + 11*x**2/2 + 32*x. Let k be ((-16)/6)/((-3)/(-9)). Is f(k) composite?
False
Let h = 41 - 37. Let f be -12*(h - 9/2). Suppose 2*v - 1363 = f*j - 3*j, 2771 = 4*v + 3*j. Is v prime?
False
Let s = 51 - 50. Suppose 2*i = 3*w + 5, -4*i + 2*w = 7*w + 1. Is ((-260 + i)/(-1))/s a composite number?
True
Suppose 3588 = -n + 5*n. Suppose -2*q + 3*r + 89 = -n, 5*q - 4*r - 2451 = 0. Is q composite?
False
Let b = -31 + 29. Is (-64 - -2)*((-92)/8 - b) composite?
True
Let m = 726 + -433. Is m a composite number?
False
Suppose 0 = 5*q - 0 - 5. Let r be (-1 + q)/(6/3). Is r - 3/6*-158 a prime number?
True
Is (21/14)/(18/109812) prime?
True
Let n be ((-3826)/4)/(-1) + 16/32. Let v = -314 + 796. Suppose s = -0*s - 4*x + v, 2*s + x - n = 0. Is s a composite number?
True
Suppose -2*t + 1360 + 1890 = l, 0 = l - 3*t - 3240. Is ((-8)/(-12))/(4/l) a composite number?
False
Is (-10442523)/(-145) - (-2)/(-5) a composite number?
True
Let l = 141 + -62. Let s(a) = a + l - 5*a + 5*a. Is s(0) a prime number?
True
Let y(k) = 14*k + 47*k - k - 7*k + 7. Let i(a) = a + 12. Let r be i(-9). Is y(r) prime?
False
Suppose -64365 = -5*u + 5*g, -2*u - 11*g + 4*g + 25728 = 0. Is u a composite number?
True
Let j = 73315 - -15274. Is j prime?
True
Let m(i) = -4*i + 502. Let h(g) = -3*g + 251. Let a(q) = 5*h(q) - 2*m(q). Is a(0) composite?
False
Let d(p) = 320*p**2 - 12*p - 37. Is d(-3) a composite number?
False
Suppose -11*a = -6*a - 20. Let f(i) = 166*i + 9. Is f(a) a composite number?
False
Suppose 33079 = 7*i - 8844. Is i composite?
True
Suppose 2090 = 4*v - 3*o, 5*v + 3*o = 4*o + 2607. Let d = v - 82. Is d prime?
True
Let h = 708 - 305. Let s = -138 + h. Is s prime?
False
Let b(n) = 17